e 7 + -1 + (6 - 2) + 2.
12
What is 378 - 383 - (-1 - 1)?
-3
-35 + 27 + (34 + 1 - (2 - -4))
21
What is the value of 1 + 17 - (4 + 3 + -15)?
26
Calculate 15 + -18 + 7 - (-14 + -1) - 3.
16
What is the value of 10 + 7 + -39 + 13?
-9
(5 - (20 + -2)) + -1
-14
Calculate 27 - (11 - (-8 + 10)) - 4.
14
What is the value of 2 + (-7 + 6 + -1 - (5 + 0))?
-5
2 + 1 + -3 - (22 + -31)
9
53 + -37 + (-1 - (4 - (2 + -2)))
11
Calculate -7 - (-2 + (-30 - -13)).
12
What is 11 - (-8 - -15 - 8)?
12
Calculate 2 - (-6 + 10 + -6) - 18.
-14
What is the value of 2 + -4 - ((-9 - (-10 - 6)) + -1)?
-8
6 - (29 + -59 - -13)
23
What is the value of (137 - 181) + 1 + 20?
-23
5 + 3 + 2 + (3 - 15)
-2
Evaluate 134 - 137 - (15 - 2).
-16
What is -10 - (-28 - -20) - 1?
-3
What is the value of -2 + 2 + -3 - (-12 + 3 + 11)?
-5
Evaluate (-14 - -7) + (-3 + -2 - 2) + 1.
-13
What is the value of 2 + (-123 - -85) + (-2 - -9 - 2)?
-31
Evaluate -19 + (-3 - ((5 - 17) + 2)).
-12
What is (-13 - (-5 - 5)) + 12 - 8?
1
What is 10 + (-12 + -18 - -11) - 4?
-13
16 - (-21 + 49 - 4)
-8
What is (126 - 94) + (-1 - 32)?
-1
Evaluate (-39 - -31) + (9 - 21) + -19.
-39
Evaluate -6 - (-2 - 4 - (-8 - -6 - -6)).
4
What is the value of 27 - (-17 + 0 + 31)?
13
Calculate 8 - 2 - 10 - (-18 - -20).
-6
69 - (16 - -55) - (0 + 3)
-5
What is 6 - (-1 + (6 - 8) + (12 - -1))?
-4
What is the value of 17 + (24 - 2) - 15?
24
What is -16 + -1 + 8 + (-4 - 22) + 15?
-20
Evaluate (11 - -2) + -26 + 0.
-13
-2 - (-10 - -4) - (268 + -288)
24
What is (15 + (-20 + 10 - -2) - 14) + 1?
-6
What is -16 + 8 + 1 + -1 - (0 + 4)?
-12
-14 + 0 + -99 + 117
4
Evaluate (-6 - 6 - -3) + (-3 - -29 - 4).
13
Calculate -1 + -1 + 7 + (202 - 209) + 10.
8
105 + -103 - (13 - 0)
-11
What is the value of 18 + -8 + 10 + -15?
5
What is -29 - (17 + -55) - (-3 - 2)?
14
3 + -15 + (8 - -14)
10
What is the value of -10 + -38 + 23 + 4?
-21
Evaluate (-8 - 5) + (27 - 4).
10
What is the value of 3 + 6 + (-37 - -36)?
8
Evaluate -5 + (22 - 6) + -15.
-4
Calculate 16 - (-5 + 4) - -5 - (-12 + 1).
33
-3 - (-6 + -13 - -8)
8
What is -199 - -207 - (1 + -1 + 0 + -7)?
15
Calculate 0 - (7 + (-7 - (1 + -3))) - -7.
5
Evaluate (1 - 14) + (1 - -17).
5
-9 - (-14 + -4) - (-1 - 2)
12
Evaluate (4 - 0) + -21 + (6 - -7) - -1.
-3
Evaluate 36 - 46 - (2 - 14).
2
Evaluate -18 - (11 - 1 - 33).
5
What is the value of (0 - -42) + (25 - (69 + -24))?
22
What is the value of -3 + 1 + (-2 + -2 - -8)?
2
What is (-2 - (16 - (10 - 13))) + -7?
-28
What is the value of 9 + (-22 - -21) + 4 + -29?
-17
What is the value of 16 + (-7 - 0) + 12 - 7?
14
-4 + (0 - (5 + -6) - 3)
-6
What is (-536 - -559) + (-5 - -1)?
19
Evaluate -7 - (-19 - (-6 + 4)).
10
Calculate (-10 - (-41 - -13)) + -13.
5
Calculate -12 - (28 + -72 + 25).
7
What is the value of -36 - ((-17 - -5) + 29 + -30)?
-23
(5 - (7 + -2)) + -9 - -17
8
What is (18 + -19 + 9 - (0 + 14)) + -2?
-8
What is the value of (6 - 0 - 0) + (-10 - -2)?
-2
Evaluate (7 - 1) + (396 - 383).
19
What is the value of (-8 + -1 - (4 - 5)) + (-1 - -4)?
-5
Evaluate -14 - (13 + -18 + 1).
-10
Calculate -88 + 70 + -1 + 24.
5
What is -191 + 210 + (-13 - -1)?
7
-13 - 8 - (1 - 12) - -24
14
What is (-5 - 1) + (20 - (6 + 23))?
-15
Evaluate -5 + 13 + -15 + 0 - -20.
13
What is (-110 - -132) + (-30 - -3)?
-5
Calculate -13 + (-27 - ((17 - 4) + -29)).
-24
-1 - -24 - -30 - 26
27
What is the value of 0 - (13 + -18 + 11)?
-6
Evaluate -6 - ((1 - -8) + -13).
-2
Calculate -20 + (31 - -7) - 27.
-9
Evaluate (11 + 12 - 15) + (1 - 1 - 32).
-24
What is 32 + -5 + -16 - (-3 - (-1 - 1))?
12
13 + -4 + (88 - 83)
14
What is -10 - (-1 - -8) - -15?
-2
(14 + -4 - 10) + -3
-3
Calculate -10 + 13 + (-23 - -55).
35
What is 4 + (5 - ((1 + 24 - 5) + -5))?
-6
What is -43 + (34 - (-25 - -19))?
-3
-2 + (6 + -9 + -6 - -18)
7
Evaluate 12 - (5 - (12 + (4 - 9))).
14
(15 - (12 + 17)) + 23
9
(-8 - -13) + (-29 + 33 - (9 - 1))
1
Calculate 3 - (-23 - 0) - 8.
18
Calculate -11 + 26 + -8 + -5 + 2 + 6.
10
Calculate -6 + -14 - -16 - 12.
-16
-1 + (-6 - -14 - -9)
16
Evaluate 0 - (-13 - (-6 - 36)).
-29
Evaluate -1 + -15 + 1 + 2.
-13
Evaluate -10 + 17 + -13 + 13.
7
Evaluate (579 - 579) + (0 + 0 + 1 - -16).
17
Evaluate -20 - -4 - (-49 - -36).
-3
What is the value of (-19 - -1 - -39) + -12?
9
What is 4 - ((14 - 4) + (-5 - -10))?
-11
What is the value of 30 + 0 + 12 + (28 + -16 - 28)?
26
Calculate -1 + -1 + (-13 - -24) + (-111 - -123).
21
Calculate -8 + -4 + -2 - -5 - (-19 + 6).
4
What is the value of 4 + 0 - (-9 + (1 + 7 - 4))?
9
What is 12 - (25 + (-11 + 11 + 12 - 7))?
-18
What is the value of 10 + 2 + (-10 - (-9 + 5))?
6
209 + -223 + (-3 - -10)
-7
What is the value of (29 - 28 - 10) + 26?
17
38 - (3 + -2 + 10) - -9
36
What is the value of 1 + 0 + -33 + 28?
-4
What is the value of -435 + 429 + -12 + (2 - 2)?
-18
What is (0 - 4 - -3) + -21 + 33?
11
Calculate (0 + -1 - (-60 - -73)) + 5 + 0.
-9
1 - (6 - 16) - (6 - 1)
6
Evaluate (7 - 5 - (0 - -7)) + 0 - -4.
-1
0 + 11 + (8 - 23) + (-6 - 1)
-11
What is the value of -3 + -5 + 13 - 18?
-13
Evaluate (24 - 38) + (-8 - -1).
-21
What is the value of (-24 - -10 - -27) + 8 + 3?
24
-2340 - -2346 - (1 + 23 - 1)
-17
What is -14 + -3 + -39 + 65?
9
What is the value of 8 + (-1 + 1 - 7) - -4?
5
What is -135 + 167 + 1 + -19?
14
Calculate -2 + (-7 - -2 - -2) + (-10 - -18).
3
Evaluate -12 + (-9 - (0 + -9 + 3)).
-15
-4 + -6 + 6 + -1 + 7
2
What is the value of 0 - -25 - (-11 + 29 + -10)?
17
Evaluate 8 + -8 - 10 - (-35 + 0 + 1).
24
(29 - -36) + -31 + -12
22
What is the value of 2 + 2 + 2 + -12 - (1 + 22)?
-29
What is -37 - 1 - (5 - 49 - -29)?
-23
Calculate (-10 - (4 - 24)) + 1.
11
Calculate (-9 - (5 - 5)) + 13 - -8.
12
What is the value of (8 - ((1 - -2) + -6)) + -14?
-3
What is -180 + 196 + -26 + 1?
-9
What is the value of 10 + 28 + -31 + -26?
-19
-1 + -7 + (-9 - ((-15 - -13) + -2))
-13
Calculate 85 + -83 - (1 - 8) - 7.
2
Evaluate 7 + 0 + -12 - (2 + -6 - -6).
-7
Evaluate -9 + 10 + 3 - 3.
1
-23 + (11 + 1 - -1) - -13
3
Calculate 26 + 0 - (35 + (-12 - 12)).
15
What is the value of (-5 + 15 + -13 - (31 - 1)) + 8?
-25
13 - -27 - (32 + -5)
13
Calculate (-4 - (1 + -3)) + (-8 - -3) + 1.
-6
Calculate (-3 - 16) + (5 - 4) + 7.
-11
What is (-17 - -32) + (3 + -4 - 7)?
7
Evaluate (-4 - (7 - (20 + -4))) + (5 - 3).
7
What is the value of 31 + 3 - (49 + -25)?
10
What is 18 + -1 + -6 + 10 + (-1 - 11)?
9
Evaluate 9 + 8 + 2 + -15.
4
-7 - (0 - (-4 - 0) - (135 + -116))
8
Evaluate (6 - 0 - (4 - (-3 - -16))) + -5.
10
Calculate 7 + 19 + -2 + -15.
9
Calculate -12 + -2 + 13 + 15 + -8.
6
Evaluate 24 - (7 + (-4 + 12 - 6)).
15
What is the value of (-6 - ((6 - 5) + -3)) + 4?
0
-18 - (-1 + (-6 - 2))
-9
What is 4 + 18 + -36 + 12 + -2?
-4
(5 - 6) + (-9 - -4 - 1) - -20
13
Calculate -1 + 7 + (-12 - -6 - -9) + -6.
3
What is the value of 15 - (-11 + 22 + -5)?
9
Evaluate (9 - (2 - -3)) + 6 + 0 + -2.
8
What is (-48 - -26) + 15 + -2?
-9
What is 19 + -1 + -30 - (-4 + 2 + 3)?
-13
Calculate (-315 - -317) + (0 - (1 + -1)) + 0.
2
Calculate (6 - (54 + -38)) + (11 - (-3 + 3)).
1
What is (1 - (-3 + 4)) + 15 + (-84 - -82)?
13
What is the value of (-8 - (-7 - 6 - 9)) + -5 + 1?
10
Calculate -2 - (8 + -7) - (7 - (-3 - -5)).
-8
Calculate 19 + 0 + (0 - 20) + 34 + -13.
20
3 + (3 + (0 - -1) - 15)
-8
0 - -16 - (-159 + 179 + (3 - 30))
23
Calculate 9 - 1 - (18 + -18 - (-36 + 7)).
-21
What is the value of 19 - (-63 + 70 + (3 - 0))?
9
What is the value of 1 + 0 + -777 + 775?
-1
What is the value of 37 + -19 + -10 + -17?
-9
What is (25 - 0) + (28 - 58)?
-5
What is the value of 90 + -74 - (7 + 22)?
-13
Calculate 15 + 1 + 302 + -321.
-3
What is the value of -42 + 64 + 39 + -34?
27
What is the value of 0 + 14 - (274 + -260)?
0
What is 28 - (-10 + 24) - 29 - -2?
-13
What is the value of -5 - ((-17 + 7 - -2) + 16)?
-13
What is the value of 12 + -17 + 13 - (-12 + 1)?
19
Calculate 6 + -3 - (13 + 5 + 0 + -13).
-2
Calculate 0 + -7 - (-12 + 12).
-7
Calculate -1 + -1 + 56 + -55.
-1
What is -15 + -2 + (-7 - -8) + 2 + -1?
-15
-11 - -2 - (-8 + -22 + 9)
12
Calculate 16 + 2 + 561 + -600.
-21
What is the value of (-44 - -21 - -17) + -2 + 2 + 19?
13
Evaluate 8 + (-12 - (-11 - -5)) + 1 + -10.
-7
-16 + 36 + -35 + 5
-10
What is the value of -1 + (-8 - -24) + 4?
19
What is -69 + 57 + (10 - -3)?
1
Evaluate 15 + (1 + 2 - 9 - (49 + -60)).
20
Calculate -71 - -73 - (-1 - -18).
-15
Evaluate -8 + -1 - (-15 